= -n + 5*f, 5*f = 2 - 12. Suppose -j - 4*x + 0*x = -n, 2*j + x = 2386. Is j a prime number?
True
Is 18/12*(-367212)/(-18) a composite number?
True
Let h(w) = 7*w**2 + 10*w + 1. Let k(u) = -6*u**2 - 9*u - 1. Let n(f) = 5*h(f) + 6*k(f). Let l be n(-1). Suppose -l*x + 270 = -136. Is x composite?
True
Is 3322 + 1 - (14 + (-85)/5) a composite number?
True
Let m = -6 - -16. Suppose -m + 1 = -2*j + n, -j + 12 = -2*n. Suppose -j*g = -1 - 177. Is g a composite number?
False
Suppose -b + 9 = 2*b. Is b - 4*1615/(-10) a composite number?
True
Let u(d) = 630*d + 11. Let p be -3*5/15 - -5. Is u(p) prime?
True
Let a(z) = -z**3 + z**2 + z - 1. Let o be a(-1). Suppose o = 5*q - 17 - 8, -196 = -g + 3*q. Is g prime?
True
Suppose 0*j = 2*j. Suppose 0 = -j*w + 2*w + 36. Let u(n) = -19*n + 5. Is u(w) composite?
False
Let t(p) = 181*p - 2. Suppose -5*z + 6*z = 1. Let h be t(z). Suppose 632 = c + h. Is c prime?
False
Let g = 478 + 145. Is g a composite number?
True
Let w(q) be the second derivative of q**5/20 - 5*q**4/6 + 5*q**3/3 - 11*q**2/2 + 2*q. Let a(t) = 15*t**2 - 2*t - 3. Let i be a(1). Is w(i) prime?
True
Suppose -32*n = -25*n - 32669. Is n a composite number?
True
Suppose -5*b - 10 = 25. Let a(d) = -d**3 - 5*d**2 + 9*d - 4. Is a(b) prime?
True
Let o be (-2 + 46/2)/(9/390). Suppose -p + 2*n + 323 = 0, -o = -4*p + 5*n + 376. Is p a composite number?
True
Is (1346/4 - 1) + (-18)/36 a prime number?
False
Let g(x) = -132*x**3 + 6*x**2 - 16*x - 23. Is g(-7) prime?
True
Suppose 7*x - 4 + 11 = 0. Is (-12)/(-12)*(1040 - (x - 0)) a composite number?
True
Let z(a) = -2*a - 43. Let c be z(-26). Let g(k) = -7*k**3 + k**2 + 10*k + 9. Let f(d) = -6*d**3 + 2*d**2 + 10*d + 8. Let u(x) = -6*f(x) + 5*g(x). Is u(c) prime?
False
Let q(v) = 2*v**2 - 17*v + 10. Is q(17) composite?
True
Suppose -3*v - 5*k + 46220 = 2*v, -v + k = -9234. Is v a prime number?
True
Let t(d) be the second derivative of 46*d**3/3 + 27*d**2/2 - 17*d. Is t(16) a prime number?
True
Let q(h) = -h**2 - 13*h - 10. Let t be q(-11). Suppose -4*w - 3*u = -6*u - 14, 2*w = -u + t. Suppose -5*r - 56 = 3*k - 328, -w*k + r + 444 = 0. Is k prime?
True
Let p = 16 + -9. Let g(s) be the first derivative of s**3/3 - 5*s**2/2 + 9*s + 2. Is g(p) a prime number?
True
Let t = 556 + -3. Is t a prime number?
False
Let h(q) = -q**2 + 2*q + 896. Let l be h(0). Suppose -4*i = -3*c + 6*c - 1243, 5*c + l = 3*i. Is i prime?
True
Suppose -3*w = 2*u - 7625 - 2018, u - 4*w - 4849 = 0. Is u a composite number?
True
Let s be 6585/(-9) + (-4)/3. Let v = s - -1073. Suppose -t + v = -157. Is t prime?
False
Suppose 0 = -11*d - 3044 + 41071. Is d composite?
False
Let s(k) = -k**2 - 17*k - 19. Let a be s(-16). Let l be (-5)/((-20)/11792) + a. Suppose 2*m + m + l = 4*v, 5*v = -5*m + 3690. Is v a prime number?
False
Let d = -13 + 50. Is d + 0*(-1)/(-1) composite?
False
Let g(l) = -l**3 - 5*l**2 - 6*l + 2. Let b be g(-4). Let d(s) = 51*s - 25. Is d(b) a prime number?
False
Suppose -2*p = 3*p - 5*s - 5, 3*s + 13 = -2*p. Let j be (-16)/(-6)*(-6)/p. Is ((-172)/j + 3)*-2 a composite number?
False
Suppose -30*o - 7737 = -33*o. Is o a composite number?
False
Let f = -78 + 56. Let s(h) = h**3 + 28*h**2 + 52*h - 33. Is s(f) a composite number?
True
Is (-15 - -25) + -4 + 27197 a composite number?
True
Let s be -313*(2 - 2/2). Let o = s - -591. Suppose 0 = f - o - 303. Is f prime?
False
Suppose 0 = -5*p + 5444 + 9611. Is p composite?
False
Let k = -91 + 88. Let o(l) = -817*l - 14. Is o(k) prime?
True
Suppose 711 = 4*u + 3*m, -698 = -5*u - m + 177. Is 107/(-3 - u/(-57)) a prime number?
False
Suppose 0 = -5*y + w + 28 - 0, -8 = -y + w. Suppose -y*j = -0*j - 1030. Is j a composite number?
True
Suppose -3*g - p + 2201 + 2055 = 0, g = 2*p + 1414. Is g a prime number?
False
Is -1*35413/14*-14 prime?
False
Let p be 0*(-10)/(-6)*1/(-5). Suppose 4*o - 400 = 3*o - 5*k, p = 4*k - 4. Is o a prime number?
False
Let u(j) = 43*j**2 - 14*j - 9. Let o be u(10). Suppose 12*z - o = 11*z. Is z a prime number?
False
Suppose 68*h - 89320 - 34372 = 0. Is h prime?
False
Let u(c) = -888*c - 1. Let x(b) = b + 1. Let i(t) = u(t) - 2*x(t). Is i(-2) a prime number?
True
Let v(p) = p**2 - 9*p + 8. Let t be v(9). Let r be t/7*21/6. Is (2 + (-114)/r)*-2 a composite number?
False
Let q = 871 + -530. Is q composite?
True
Suppose 4*s - 14 = -2*i, 6*s - 3*i - 19 = 2*s. Let k be (s/8)/1*12. Let o = k - -9. Is o a composite number?
True
Suppose 2*z = 6 + 6. Suppose z*h - 15 = 5*h. Suppose 12*f + 1257 = h*f. Is f a composite number?
False
Suppose 934 = 2*v + 2*t + 88, 5*v - 2131 = -t. Suppose 0 = 3*d - 5*i - 8767, 8376 = 3*d + 4*i - v. Is d prime?
False
Let z = 4120 + -1227. Is z composite?
True
Let n(y) = 588*y + 1. Suppose 33 - 32 = g. Is n(g) a composite number?
True
Suppose 0*r = 3*r - 6. Let d(c) = 99*c + 1. Is d(r) prime?
True
Suppose 51 + 19 = -5*s. Let o be (-9)/(-63) + (-68)/s. Suppose o*j + 71 = 3*w - 156, w + j = 81. Is w composite?
False
Suppose 5*q + 12 = 4*q. Let n = q - -15. Suppose -n*f - 5*u = -1165, -f + 1173 = 2*f + 3*u. Is f a composite number?
True
Suppose -5*v = -3*a + 44126, -v + 17174 = -3*a + 61308. Suppose 9*d = d + a. Is d a prime number?
False
Suppose -5*b - 646 + 21581 = 0. Is b composite?
True
Let q(z) = -z**3 + 12*z**2 - 11*z + 3. Suppose 3*r - 30 = -2*i + 7, -3*i + 3*r = -18. Let s be q(i). Suppose -1527 = -s*l - 534. Is l a prime number?
True
Suppose 4 = -o, 5*o + 0*o + 34 = -2*r. Let x(n) = -3*n**3 - 6*n**2 + 2*n + 5. Let f be x(r). Suppose 0 = -m - 57 + f. Is m a composite number?
True
Suppose -5*a + 2462 = h, 3*a + 0*h = 3*h + 1488. Is a prime?
False
Let r = 821 - 352. Is r composite?
True
Let z(y) = -y**3 + 7*y**2 + 6*y + 5. Is z(7) a prime number?
True
Let q(p) = 17*p - 9. Let k(v) = 2 - 8 + 9*v + 1 + 1. Let u(i) = 11*k(i) - 6*q(i). Is u(-11) prime?
True
Let n(i) = 529*i**2 - 18*i - 31. Is n(-6) composite?
False
Is (-3 - (57109 + -2))*23/(-46) prime?
False
Let s(l) = l**3 - 13*l**2 - 12*l - 22. Let d be s(14). Let j(h) = 7 - 9*h - 13*h + 103*h. Is j(d) prime?
False
Let w = -84 + 173. Let h = 319 + w. Suppose -6*t + 720 = -t + 3*m, 3*t = 3*m + h. Is t composite?
True
Suppose -9*j = -8*j - 1541. Is j composite?
True
Let c(t) = -t + 12. Let g(x) = x**3 + 2*x**2 - 5*x - 3. Let k be g(-3). Let a = k + -16. Is c(a) a composite number?
True
Let q(o) = o + 1. Let j(v) = -42*v + 8. Let r(k) = j(k) + q(k). Let h be r(-4). Let x = h + -84. Is x prime?
True
Let s = 26096 + -10647. Is s prime?
False
Let g(i) = i**2 - 3*i + 10. Let t be g(6). Let y = t - 91. Let v = y - -142. Is v a prime number?
True
Let i = 12 + -12. Let d(n) = n**3 + 3. Let o be d(i). Suppose -o*m + 824 + 415 = 0. Is m composite?
True
Suppose 0*z = 4*z + 20. Let h(f) = 28*f**2 + 9*f - 3. Let k be h(z). Suppose -3*l + 7*l = k. Is l a prime number?
True
Let l = 74 - 139. Let i be (-676)/l + 2/(-5). Is (815/i)/(3/6) a prime number?
True
Suppose -569*d + 110326 = -567*d. Is d a prime number?
True
Is (-2)/(-20)*5*638 a composite number?
True
Suppose 24980 = -2*z + 12*z. Is z a prime number?
False
Suppose 0*s + 46 = 2*s. Suppose -5*y - 5*q - 8 = 7, -s = y + 5*q. Suppose y*w + 3*w - 335 = 0. Is w prime?
True
Is ((-3359)/(-5))/((-3)/(-105)) a prime number?
False
Let t = 914 + -5. Suppose -6*z + t = -3*z - 3*k, 4*k = z - 303. Is z a prime number?
False
Let s(o) = o**3 - 7*o**2 + o - 8. Let j be s(7). Let w be 5/(-10) + j/(-2). Suppose 498 = -w*v + 3*v. Is v prime?
False
Let q be (-15)/2 + 9/6. Let h be 0/(q + 3 + 4). Suppose h = 7*g - 6*g - 113. Is g a composite number?
False
Let y(f) = -f**3 - 5*f**2 - 3*f - 5. Let n be y(-3). Suppose -4*t + 81 = -59. Let v = t + n. Is v prime?
False
Let u be (1 - -33)*7/14. Suppose w - u = -3*d, 3*w + 6 = -d + 1. Is (-746)/(-4) + d/14 composite?
True
Let h = 4 + 12. Let c = h + -12. Suppose c*n - 484 - 88 = 0. Is n composite?
True
Let l(v) = -v**2 - 20*v - 10. Let b = -68 - -50. Is l(b) prime?
False
Suppose -3*s = 3*l + 6, -4*l = -2*s + 1 + 1. Let j be s*(3 + -3 + 0). Suppose 10*a - 7*a - 921 = j. Is a composite?
False
Let h be (6/3)/(2/4). Suppose h*j = -0*j + 10964. Is j a composite number?
False
Let u(q) = q**3 + 36*q**2 + 107*q + 73. Is u(30) prime?
True
Let b(q) = 2*q**2 + 33*q + 2. Is b(-17) prime?
True
Let x(w) = 3*w**2 - 68. Is x(-7) prime?
True
Let r = 7 + -7. Su